 is the thousands digit of 1852?
1
What is the hundreds digit of 778?
7
What is the tens digit of 57252?
5
What is the thousands digit of 1273?
1
What is the hundreds digit of 642?
6
What is the hundreds digit of 33512?
5
What is the hundreds digit of 446?
4
What is the thousands digit of 118032?
8
What is the tens digit of 69230?
3
What is the units digit of 74896?
6
What is the hundreds digit of 966?
9
What is the ten thousands digit of 18748?
1
What is the thousands digit of 1033?
1
What is the thousands digit of 80867?
0
What is the hundreds digit of 587?
5
What is the ten thousands digit of 12168?
1
What is the units digit of 3344?
4
What is the hundreds digit of 589?
5
What is the thousands digit of 8090?
8
What is the tens digit of 40429?
2
What is the thousands digit of 2016?
2
What is the thousands digit of 5675?
5
What is the thousands digit of 13998?
3
What is the units digit of 3?
3
What is the units digit of 10988?
8
What is the tens digit of 475?
7
What is the units digit of 761?
1
What is the hundreds digit of 115995?
9
What is the tens digit of 3781?
8
What is the units digit of 714?
4
What is the hundreds digit of 50319?
3
What is the units digit of 36040?
0
What is the tens digit of 422?
2
What is the units digit of 75?
5
What is the hundreds digit of 162512?
5
What is the tens digit of 14664?
6
What is the units digit of 67650?
0
What is the thousands digit of 2978?
2
What is the hundreds digit of 1111?
1
What is the tens digit of 57289?
8
What is the tens digit of 21872?
7
What is the hundreds digit of 36745?
7
What is the hundreds digit of 895?
8
What is the units digit of 1909?
9
What is the tens digit of 328?
2
What is the tens digit of 210?
1
What is the thousands digit of 18913?
8
What is the hundreds digit of 2845?
8
What is the units digit of 347?
7
What is the hundreds digit of 2289?
2
What is the thousands digit of 7918?
7
What is the hundreds digit of 3506?
5
What is the hundreds digit of 847?
8
What is the tens digit of 1287?
8
What is the tens digit of 753?
5
What is the units digit of 3477?
7
What is the hundreds digit of 14365?
3
What is the tens digit of 15851?
5
What is the thousands digit of 5832?
5
What is the tens digit of 387?
8
What is the thousands digit of 2620?
2
What is the tens digit of 2806?
0
What is the tens digit of 1292?
9
What is the units digit of 7436?
6
What is the thousands digit of 2522?
2
What is the tens digit of 12?
1
What is the ten thousands digit of 15228?
1
What is the ten thousands digit of 23921?
2
What is the hundreds digit of 816?
8
What is the tens digit of 10481?
8
What is the thousands digit of 7915?
7
What is the units digit of 812?
2
What is the units digit of 474?
4
What is the tens digit of 2896?
9
What is the hundreds digit of 1722?
7
What is the tens digit of 7086?
8
What is the tens digit of 485?
8
What is the units digit of 7784?
4
What is the thousands digit of 6701?
6
What is the hundred thousands digit of 100274?
1
What is the hundreds digit of 47536?
5
What is the ten thousands digit of 23242?
2
What is the tens digit of 575?
7
What is the hundreds digit of 1689?
6
What is the units digit of 29365?
5
What is the tens digit of 7004?
0
What is the hundreds digit of 284?
2
What is the tens digit of 2052?
5
What is the hundreds digit of 88311?
3
What is the units digit of 273?
3
What is the hundreds digit of 631?
6
What is the hundreds digit of 47715?
7
What is the hundreds digit of 14472?
4
What is the thousands digit of 18639?
8
What is the units digit of 756?
6
What is the units digit of 507?
7
What is the units digit of 8555?
5
What is the ten thousands digit of 35073?
3
What is the thousands digit of 3679?
3
What is the ten thousands digit of 12734?
1
What is the units digit of 60?
0
What is the thousands digit of 4688?
4
What is the units digit of 954?
4
What is the tens digit of 31454?
5
What is the units digit of 37587?
7
What is the hundreds digit of 5300?
3
What is the units digit of 273?
3
What is the units digit of 19275?
5
What is the tens digit of 3004?
0
What is the tens digit of 5938?
3
What is the thousands digit of 2901?
2
What is the hundreds digit of 15337?
3
What is the thousands digit of 5734?
5
What is the thousands digit of 12523?
2
What is the thousands digit of 9365?
9
What is the tens digit of 423?
2
What is the tens digit of 136837?
3
What is the tens digit of 691?
9
What is the tens digit of 42813?
1
What is the units digit of 2260?
0
What is the ten thousands digit of 48313?
4
What is the units digit of 1302?
2
What is the hundreds digit of 194807?
8
What is the tens digit of 7011?
1
What is the hundreds digit of 11635?
6
What is the thousands digit of 9284?
9
What is the hundreds digit of 25207?
2
What is the hundreds digit of 4628?
6
What is the thousands digit of 1332?
1
What is the tens digit of 5806?
0
What is the units digit of 2357?
7
What is the tens digit of 16836?
3
What is the tens digit of 558?
5
What is the hundreds digit of 3464?
4
What is the units digit of 412?
2
What is the units digit of 44207?
7
What is the thousands digit of 11247?
1
What is the tens digit of 38891?
9
What is the units digit of 56151?
1
What is the units digit of 2276?
6
What is the hundreds digit of 51024?
0
What is the hundreds digit of 570?
5
What is the tens digit of 119897?
9
What is the units digit of 245?
5
What is the tens digit of 13334?
3
What is the tens digit of 1948?
4
What is the units digit of 31969?
9
What is the tens digit of 42127?
2
What is the tens digit of 839?
3
What is the thousands digit of 14402?
4
What is the hundreds digit of 33782?
7
What is the units digit of 2704?
4
What is the ten thousands digit of 24252?
2
What is the ten thousands digit of 17438?
1
What is the thousands digit of 144789?
4
What is the tens digit of 2992?
9
What is the tens digit of 4903?
0
What is the thousands digit of 13388?
3
What is the units digit of 18283?
3
What is the tens digit of 200?
0
What is the ten thousands digit of 18564?
1
What is the units digit of 2201?
1
What is the tens digit of 1751?
5
What is the hundreds digit of 415?
4
What is the thousands digit of 2418?
2
What is the tens digit of 8122?
2
What is the ten thousands digit of 17522?
1
What is the units digit of 909?
9
What is the units digit of 38269?
9
What is the hundreds digit of 307?
3
What is the units digit of 2093?
3
What is the hundreds digit of 40275?
2
What is the units digit of 65?
5
What is the thousands digit of 2585?
2
What is the hundreds digit of 15217?
2
What is the units digit of 70740?
0
What is the hundreds digit of 767?
7
What is the units digit of 21036?
6
What is the thousands digit of 1634?
1
What is the tens digit of 16309?
0
What is the ten thousands digit of 10063?
1
What is the hundreds digit of 1208?
2
What is the tens digit of 918?
1
What is the units digit of 22786?
6
What is the thousands digit of 3616?
3
What is the hundreds digit of 899?
8
What is the thousands digit of 29299?
9
What is the hundreds digit of 32387?
3
What is the units digit of 1813?
3
What is the tens digit of 7131?
3
What is the thousands digit of 93228?
3
What is the tens digit of 83363?
6
What is the units digit of 3830?
0
What is the tens digit of 1457?
5
What is the tens digit of 1402?
0
What is the hundreds digit of 586?
5
What is the ten thousands digit of 16135?
1
What is the thousands digit of 1231?
1
What is the tens digit of 7182?
8
What is the ten thousands digit of 11056?
1
What is the tens digit of 915?
1
What is the hundreds digit of 4577?
5
What is the tens digit of 5403?
0
What is the hundreds digit of 1187?
1
What is the hundreds digit of 5967?
9
What is the thousands digit of 6901?
6
What is the units digit of 151323?
3
What is the hundreds digit of 14451?
4
What is the tens digit of 19247?
4
What is the tens digit of 50526?
2
What is the tens digit of 531?
3
What is the ten thousands digit of 18850?
1
What is the hundreds digit of 864?
8
What is the units digit of 3280?
0
What is the thousands digit of 33577?
3
What is the units digit of 242?
2
What is the units digit of 1579?
9
What is the thousands digit of 6019?
6
What is the units digit of 37272?
2
What is the hundreds digit of 652?
6
What is the tens digit of 5761?
6
What is the units digit of 2340